{"id":988185,"date":"2023-09-29T13:30:38","date_gmt":"2023-09-29T13:30:38","guid":{"rendered":"https:\/\/zenergize.ro\/info\/?post_type=product&#038;p=988185"},"modified":"2026-03-05T14:47:59","modified_gmt":"2026-03-05T12:47:59","slug":"descopera-lumea-emotiilor","status":"publish","type":"product","link":"https:\/\/zenergize.ro\/info\/product\/descopera-lumea-emotiilor\/","title":{"rendered":"Set de fi\u0219e \u0219i activit\u0103\u021bi &#8211; Dezvoltarea inteligen\u021bei emo\u021bionale"},"content":{"rendered":"<div class=\"vgblk-rw-wrapper limit-wrapper\">Setul \u201dDescoper\u0103 lumea emo\u021biilor\u201d este o colec\u021bie de +30 de fi\u0219e \u0219i activit\u0103\u021bi imprimabile pentru copiii cu v\u00e2rsta cuprins\u0103 \u00eentre 6 \u0219i 10 ani.<\/p>\n<p>Acest set imprimabil \u00eei va ajuta pe copiii t\u0103i s\u0103-\u0219i dezvolte vocabularul, s\u0103-\u0219i \u00een\u021beleag\u0103 mai bine emo\u021biile \u0219i s\u0103 \u00eenve\u021be s\u0103 le gestioneze \u00eentr-un mod constructiv. Cu aceste fi\u0219e de activit\u0103\u021bi, copiii t\u0103i vor explora lumea emo\u021biilor \u00eentr-un mod distractiv \u0219i educativ.<\/p>\n<p>\u00cen aceast\u0103 c\u0103l\u0103torie, copiii t\u0103i vor fi ghida\u021bi de c\u0103tre Koli, un koala prietenos \u0219i iste\u021b, un personaj simpatic care va deveni prietenul copiilor pe parcursul acestei aventuri de dezvoltare a inteligen\u021bei emo\u021bionale.<\/p>\n<p>&nbsp;<\/p>\n<p><em><strong>De ce este acest set util pentru copiii mei?<\/strong><\/em><\/p>\n<ul>\n<li><strong>\u00ce\u0219i dezvolt\u0103 abilit\u0103\u021bile emo\u021bionale:<\/strong> Copiii \u00eenv\u0103\u021b\u0103 s\u0103 recunoasc\u0103 \u0219i s\u0103 \u00een\u021beleag\u0103 propriile emo\u021bii \u0219i ale celor din jurul lor.<\/li>\n<li><strong>\u00ce\u0219i \u00eembog\u0103\u021besc vocabularul:<\/strong> Setul de fise include activit\u0103\u021bi pentru a ajuta copiii s\u0103 \u00ee\u0219i extind\u0103 vocabularul legat de emo\u021bii.<\/li>\n<li><strong>Exerseaz\u0103 comunicarea deschis\u0103:<\/strong> Aceste activit\u0103\u021bi \u00eencurajeaz\u0103 copiii s\u0103 \u00ee\u0219i exprime sentimentele \u0219i s\u0103 vorbeasc\u0103 despre ce \u00eei \u00eengrijoreaz\u0103 sau \u00eei bucur\u0103.<\/li>\n<li><strong>\u00ce\u0219i dezvolt\u0103 \u00eencredere \u00een sine:<\/strong> Prin \u00een\u021belegerea \u0219i gestionarea emo\u021biilor, copiii vor dob\u00e2ndi \u00eencredere \u00een sine \u0219i vor putea face fa\u021b\u0103 mai bine situa\u021biilor dificile.<\/li>\n<\/ul>\n<p>&nbsp;<\/p>\n<p><em><strong>Cum m\u0103 ajut\u0103 pe mine ca p\u0103rinte acest set?<\/strong><\/em><\/p>\n<ul>\n<li><strong>Creezi o leg\u0103tura mai puternic\u0103 cu copiii t\u0103i:<\/strong> Activit\u0103\u021bile din acest set \u00ee\u021bi ofer\u0103 o modalitate minunat\u0103 de a petrece timp de calitate \u00eempreun\u0103 cu copiii \u0219i de a v\u0103 apropia ca familie.<\/li>\n<li><strong>\u00cencurajezi dezvoltarea prin distrac\u021bie:<\/strong> Fi\u0219ele de activit\u0103\u021bi sunt distractive \u0219i educative, f\u0103c\u00e2nd \u00eenv\u0103\u021barea despre emo\u021bii o experien\u021b\u0103 pl\u0103cut\u0103 pentru copii, dar \u0219i pentru adul\u021bi.<\/li>\n<li><strong>Ai parte de ajutor \u00een situa\u021bii dificile:<\/strong> Cu ajutorul acestor fi\u0219e, vei putea s\u0103-\u021bi ghidezi mai u\u0219or copiii \u00een momentele \u00een care se confrunt\u0103 cu emo\u021bii puternice.<\/li>\n<li><strong>Descoperi o modalitate util\u0103 de relaxare:<\/strong> Fisele de activit\u0103\u021bi pot fi folosite ca o pauz\u0103 relaxant\u0103 \u0219i distractiv\u0103 pentru toat\u0103 familia.<\/li>\n<\/ul>\n<p>&nbsp;<\/p>\n<p>Recomand\u0103m parcurgerea fi\u0219elor cu supravegherea sau ajutorul unui adult. Activit\u0103\u021bile sunt o modalitate minunat\u0103 de a petrece timpul \u00eempreun\u0103 ca \u0219i familie.<\/p>\n<p>Comand\u0103 acum pentru a construi o leg\u0103tur\u0103 mai puternic\u0103 cu copiii t\u0103i \u0219i pentru a le oferi acestora instrumentele de care au nevoie pentru a naviga \u00een lumea emo\u021biilor!<\/p>\n<p><strong>Acesta este un produs digital individual. Nimic nu va fi trimis prin po\u0219t\u0103. Nu include acces de membru pe platforma zenergize.<\/strong><\/p>\n<p>Dup\u0103 realizarea achizi\u021biei, ve\u021bi primi pe e-mail un link cu acces c\u0103tre produsul digital.<\/p><\/div>\n<p><!-- .vgblk-rw-wrapper --><\/p>\n","protected":false},"excerpt":{"rendered":"<p>Acest set digital con\u021bine peste 30 de fi\u0219e \u0219i activit\u0103\u021bi imprimabile pentru dezvoltarea inteligen\u021bei emo\u021bionale, create pentru copiii cu v\u00e2rsta cuprins\u0103 \u00eentre 6 \u0219i 10 ani.<\/p>\n<p>Cu ajutorul acestui set copiii t\u0103i pot \u00eenv\u0103\u021ba cum s\u0103 \u00ee\u0219i exprime \u0219i s\u0103-\u0219i \u00een\u021beleag\u0103 emo\u021biile \u00eentr-un mod plin de \u00een\u021belepciune. Aceste fi\u0219e de activit\u0103\u021bi \u00eei vor ghida pe copiii t\u0103i \u00eentr-o c\u0103l\u0103torie de autodescoperire \u00een care vor explora lumea emo\u021biilor \u00eentr-un mod distractiv \u0219i educativ.<\/p>\n<p>Apas\u0103 butonul <em>adaug\u0103 \u00een co\u0219<\/em> \u0219i comand\u0103 acum!<\/p>\n","protected":false},"featured_media":988400,"comment_status":"closed","ping_status":"closed","template":"","meta":{"_themeisle_gutenberg_block_has_review":false},"product_cat":[89],"product_tag":[],"class_list":["post-988185","product","type-product","status-publish","has-post-thumbnail","hentry","product_cat-fise-de-activitati"],"aioseo_notices":[],"_links":{"self":[{"href":"https:\/\/zenergize.ro\/info\/wp-json\/wp\/v2\/product\/988185","targetHints":{"allow":["GET"]}}],"collection":[{"href":"https:\/\/zenergize.ro\/info\/wp-json\/wp\/v2\/product"}],"about":[{"href":"https:\/\/zenergize.ro\/info\/wp-json\/wp\/v2\/types\/product"}],"replies":[{"embeddable":true,"href":"https:\/\/zenergize.ro\/info\/wp-json\/wp\/v2\/comments?post=988185"}],"wp:featuredmedia":[{"embeddable":true,"href":"https:\/\/zenergize.ro\/info\/wp-json\/wp\/v2\/media\/988400"}],"wp:attachment":[{"href":"https:\/\/zenergize.ro\/info\/wp-json\/wp\/v2\/media?parent=988185"}],"wp:term":[{"taxonomy":"product_cat","embeddable":true,"href":"https:\/\/zenergize.ro\/info\/wp-json\/wp\/v2\/product_cat?post=988185"},{"taxonomy":"product_tag","embeddable":true,"href":"https:\/\/zenergize.ro\/info\/wp-json\/wp\/v2\/product_tag?post=988185"}],"curies":[{"name":"wp","href":"https:\/\/api.w.org\/{rel}","templated":true}]}}